= 15*n. What is l(-1)?
-15
Let y(u) = u**3 - 16*u**2 - 14*u - 15. Calculate y(17).
36
Let g(h) = -3*h + 4. What is g(-4)?
16
Let y(i) = -i**3 - 15*i**2 - 23*i + 43. What is y(-13)?
4
Let x(l) = -3*l - 18. Determine x(-26).
60
Let z(i) = -i**2 + 16*i - 16. Calculate z(17).
-33
Let f(c) = c**3 + 18*c**2 - 18*c + 17. Calculate f(-19).
-2
Let b(m) = 2*m**2 + 127*m - 70. Give b(-64).
-6
Let y(f) = 7*f**2 + 64*f. Give y(-9).
-9
Let f(u) = -19*u**2 + 69*u - 69. Give f(1).
-19
Let c(l) = l**2 - 7. Determine c(-6).
29
Let l(k) = k**2 + k + 20. Calculate l(0).
20
Let f(g) = -g**2 - 23*g + 17. Give f(-24).
-7
Let i(h) = -24*h + 165. Give i(7).
-3
Let z(d) = -2*d**2 + 2*d + 6. Determine z(4).
-18
Let g(l) = l**3 + 13*l**2 - 12*l + 1. Give g(-14).
-27
Let r(n) = -n**3 + 3*n**2 + 2*n. Calculate r(6).
-96
Let g(z) = -93*z - 455. Determine g(-5).
10
Let k(f) = -f**3 - 7*f**2 - 3*f + 13. Determine k(-6).
-5
Let q(h) = h + 7. Give q(-10).
-3
Let k(o) = o**3 + 4*o**2 + 7*o + 8. Give k(-3).
-4
Let n(s) = -s**2 + 15*s + 23. What is n(16)?
7
Let q(f) = -f**3 + 4*f**2 + 8*f + 4. Calculate q(6).
-20
Let p(o) = 38*o - 95. Give p(2).
-19
Let p(o) = -o**3 - 12*o**2 - 22*o - 16. Calculate p(-10).
4
Let g(n) = -n**2 + 14*n + 16. Determine g(11).
49
Let h(n) = 5*n - 44. What is h(7)?
-9
Let l(b) = -31*b - 2. Calculate l(-1).
29
Let w(o) = o**3 - 9*o**2 + 3*o + 89. What is w(7)?
12
Let y(t) = 5*t**2 + 4*t - 1. Give y(-3).
32
Let t(h) = -h**2 - 77*h + 581. Determine t(7).
-7
Let x(l) = -l**3 + 6*l**2 + 2*l - 5. What is x(6)?
7
Let a(x) = 17*x - 1. Calculate a(-1).
-18
Let g(b) = b**3 - 6*b**2 - b - 1. Give g(6).
-7
Let m(g) = g**3 + g**2 - 6*g - 3. Give m(-3).
-3
Let q(h) = 2*h**3 + 2*h**2 - 1. Determine q(-1).
-1
Let q(w) = -w**3 + 19*w**2 + 42*w - 5. Determine q(21).
-5
Let h(p) = p**3 - 9*p**2 + 11*p - 5. Determine h(7).
-26
Let w(t) = 7*t**2 + 3*t - 8. Determine w(-4).
92
Let p(x) = -x**2 - 16*x - 24. What is p(-13)?
15
Let x(z) = z**2 - 9*z + 5. Give x(7).
-9
Let h(n) = -n**3 - 2*n**2 + 2*n + 4. Determine h(-3).
7
Let z(i) = -i**2 + 8*i + 2. Determine z(-7).
-103
Let f(d) = -d**3 + 4*d**2 - 3*d + 10. Determine f(4).
-2
Let w(m) = -14*m**2 - 10*m - 17. What is w(-2)?
-53
Let k(a) = a**3 - 14*a**2 - a + 17. Determine k(14).
3
Let d(v) = -2*v - 49. Determine d(4).
-57
Let t(i) = i**2 - 6*i + 2. Determine t(2).
-6
Let q(x) = x**3 + 14*x**2 + 11*x - 26. Calculate q(-12).
130
Let u(w) = -6*w + 8. What is u(-4)?
32
Let t(k) = -k**3 - 2*k**2 - 3*k. What is t(-1)?
2
Let n(l) = -l**3 - 25*l**2 + 24*l - 50. Determine n(-26).
2
Let v(n) = 3*n - 37. Determine v(9).
-10
Let u(l) = l**3 - l**2 + l - 2. Calculate u(2).
4
Let p(x) = 15*x**2 - x - 2. Give p(2).
56
Let i(c) = c**3 + 8*c**2 - c - 9. Calculate i(-8).
-1
Let f(t) = -9*t + 4. Give f(2).
-14
Let i(u) = -u**3 - 9*u**2 + 16*u + 3. What is i(-11)?
69
Let k(m) = 5*m + 42. Calculate k(-8).
2
Let b(y) = -9*y - 219. What is b(-25)?
6
Let m(r) = 46*r + 7. Determine m(-2).
-85
Let y(x) = x + 6. Calculate y(-7).
-1
Let x(g) = -9*g**3 + 3*g**2 + 2*g. Give x(-1).
10
Let m(z) = -z - 9. Determine m(-7).
-2
Let w(c) = c**3 + 2*c**2 - 4*c + 5. Give w(3).
38
Let t(q) = 4*q - 16. Give t(6).
8
Let o(h) = 15*h**2 + 2*h. Calculate o(-2).
56
Let h(p) = -13*p**2 + p. Determine h(1).
-12
Let k(t) = 38*t - 237. Determine k(6).
-9
Let h(y) = -y**3 + 13*y**2 - 12*y - 10. What is h(12)?
-10
Let g(x) = -6*x - 69. Determine g(-11).
-3
Let p(r) = r**3 + 4*r**2 - 2*r - 5. Calculate p(-4).
3
Let h(q) = -2*q**2 + 3*q + 56. Give h(6).
2
Let c(u) = u**2 - 7*u - 15. Calculate c(7).
-15
Let h(w) = -27*w + 175. What is h(6)?
13
Let a(q) = -q**2 - 19*q - 25. Calculate a(-18).
-7
Let m(l) = l**2 - 4*l - 4. Determine m(0).
-4
Let q(a) = -a**3 + 12*a**2 - 14*a + 5. Give q(11).
-28
Let o(w) = w**2 - 2*w - 9. Give o(5).
6
Let q(i) = i**3 + 10*i**2 - 25*i + 3. Calculate q(-12).
15
Let c(g) = g**3 - 13*g**2 + 40*g + 11. Determine c(7).
-3
Let l(o) = -17*o - 59. Determine l(-3).
-8
Let n(i) = -i**3 - 17*i**2 - 29*i + 16. Calculate n(-15).
1
Let s(w) = 3*w + 47. Give s(-16).
-1
Let u(r) = r**3 + 6*r**2 - 2. Give u(-7).
-51
Let y(v) = -3*v - 21. What is y(-9)?
6
Let m(c) = c**3 - 10*c**2 - 26*c + 21. Determine m(12).
-3
Let d(a) = -a**2 + 6*a + 39. Give d(-5).
-16
Let u(d) = -41*d**2 - 287*d + 1. Calculate u(-7).
1
Let a(p) = -p**3 + 28*p**2 + 30*p - 24. Give a(29).
5
Let a(d) = -23*d - 156. Calculate a(-7).
5
Let a(x) = -x - 25. What is a(-17)?
-8
Let a(w) = -2*w - 9. What is a(-2)?
-5
Let l(p) = p**2 + 6*p - 10. Determine l(-7).
-3
Let z(x) = -2*x. What is z(-4)?
8
Let s(j) = -2*j**3 - 30*j**2 + 2*j + 20. Give s(-15).
-10
Let q(m) = -m**3 + 7*m**2 - 2*m - 3. Give q(6).
21
Let f(a) = -9*a + 3. What is f(3)?
-24
Let u(x) = 2*x - 26. Give u(17).
8
Let y(q) = -5*q - 6. Calculate y(-2).
4
Let d(a) = -a**2 + 6. Determine d(6).
-30
Let j(c) = -4*c + 1. Determine j(-18).
73
Let q(v) = -v**3 - 6*v**2 - 4*v - 26. Give q(-6).
-2
Let o(g) = -13*g + 9. Determine o(2).
-17
Let i(k) = -k**3 - k**2 + 2*k - 10. Give i(-3).
2
Let s(c) = -c**2 - 19*c - 41. What is s(-16)?
7
Let c(b) = -b**3 + 4*b**2 - b - 5. Give c(6).
-83
Let h(d) = -d**2 + 4*d - 2. What is h(3)?
1
Let f(d) = -d**2 - 21*d - 83. Give f(-16).
-3
Let b(h) = 3*h + 34. Determine b(-6).
16
Let o(t) = t**2 + 15*t - 53. What is o(-18)?
1
Let g(s) = 4*s**2 - 2*s + 2. What is g(2)?
14
Let o(w) = -w**3 - 6*w**2 - w + 5. Calculate o(-6).
11
Let b(j) = -6*j - 12. What is b(-7)?
30
Let j(i) = i**3 + 7*i**2 - 2*i - 12. What is j(-7)?
2
Let i(j) = 2*j - 18. Give i(8).
-2
Let j(u) = -u**2 - 27*u + 245. Give j(-34).
7
Let b(j) = j**2 + 10*j + 3. Calculate b(-10).
3
Let d(p) = -p**2 - 5*p + 16. What is d(-9)?
-20
Let j(k) = k**3 - 12*k**2 + 26*k - 32. Calculate j(10).
28
Let s(y) = -y**2 + 7*y + 8. Give s(10).
-22
Let g(t) = t**3 - 2*t - 11. Give g(0).
-11
Let p(f) = -2*f - 57. What is p(-23)?
-11
Let c(v) = 3*v**2 + 36*v + 82. What is c(-9)?
1
Let d(z) = -7*z + 39. Determine d(8).
-17
Let z(u) = -u**2 + 5*u - 21. Give z(7).
-35
Let n(u) = u**2 + 2*u - 1. Calculate n(-3).
2
Let o(i) = i**2 - 23*i + 38. Determine o(21).
-4
Let x(t) = -10*t - 40. Calculate x(-5).
10
Let p(k) = k**2 - 4*k - 1. Determine p(-3).
20
Let h(x) = 26*x + 2323. Calculate h(-89).
9
Let c(y) = -y**2 - 29*y - 180. What is c(-10)?
10
Let y(z) = 27*z - 25. What is y(2)?
29
Let m(c) = 3*c**2 + 34*c + 1. Calculate m(-11).
-10
Let t(m) = m + 8. What is t(-4)?
4
Let x(f) = -f**2 + 32*f - 2. Give x(32).
-2
Let j(r) = -r**2 + 7*r - 10. Calculate j(4).
2
Let u(t) = 3*t**3 - t**2 + 3*t - 1. Give u(2).
25
Let i(m) = m**2 - 1. Determine i(2).
3
Let y(r) = r**3 - 14*r**2 + 29*r + 39. Calculate y(11).
-5
Let n(k) = -2*k**3 + 3*k**2 + 3*k + 1. Give n(3).
-17
Let g(s) = s**3 + 6*s**2 - 7*s + 1. Calculate g(-7).
1
Let w(m) = -4*m + 126. Determine w(16).
62
Let y(j) = 2*j**3 - 13*j**2 + 14*j + 1. Calculate y(5).
-4
Let k(s) = s**3 - 5*s**2 + 3*s + 2. What is k(4)?
-2
Let x(y) = -y**2 - y + 5. What is x(-5)?
-15
Let w(b) = -31*b + 7. Give w(2).
-55
Let x(c) = 17*c - 208. Give x(12).
-4
Let g(x) = 2*x**3 + 74*x**2 + 71*x - 37. Calculate g(-36).
-1
Let v(h) = -4*h - 11. Determine v(-11).
33
Let n(l) = -l**2 + 6*l - 4. What is n(6)?
-4
Let g(m) = -m**2 + 11*m + 5. Give g(12).
-7
Let k(u) = -5*u**2 + 33*u - 19. Determine k(6).
-1
Let m(v) = 4*v - 2. Determine m(1).
2
Let d(l) = -23*l + 22. Give d(-4).
114
Let z(h) = -h**3 + 7*h**2 - 4*h + 2. Determine z(6).
14
Let a(o) = -18*o + 156. Give a(9).
-6
Let f(w) = w**3 + 9*w**2 + 9*w. Give f(-9).
-81
Let f(z) = z + 9. Give f(-4).
5
Let a(z) = -26*z**3 + 2*z + 1. What is a(-1)?
25
Let g(a) = a - 69. Calculate g(5).
-64
Let a(m) = -2*m**3 + 12*m**2 - 10*m + 3. Give a(5).
3
Let o(g) = g**3 - 9*g**2 + 7*g + 5. Calculate o(8).
-3
Let a(n) = -n**2 + 2*n + 2. Give a(3).
-1
Let k(w) = w**2 - 13*w + 13. Determine k(11).
-9
Let a(y) = -2*y**3 + 21*y**2 - 15*y + 40. Determine a(10).
-10
Let z(a) = -a**3 + 3*a**2 + 12*a + 7. Calculate z(6).
-29
Let f(a) = 3*a**2 + 20*a - 13. What is f(-6)?
-25
Let o(k) = -104*k**3 + 1. Give o(1).
-103
Let k(z) = -z**3 + 21*z**2 - 36*z + 25. Calculate k(19).
63
Let g(s) = -s**2 + 67*s - 568. What is g(10)?
2
Let j(q) = -6*q + 122. Give j(20).
2
Let d(l) = -l**2 + 28*l - 135. Give d(8).
25
Let q(g) = -g**2 - 8*g - 10. Determine